3, 347813
List the prime factors of 17923729.
17, 1054337
List the prime factors of 124071776.
2, 3877243
What are the prime factors of 2337890005?
5, 11, 43, 89867
What are the prime factors of 81254276?
2, 20313569
List the prime factors of 1090108933.
157, 257, 27017
What are the prime factors of 25710855?
3, 5, 1714057
List the prime factors of 3273891274.
2, 1636945637
List the prime factors of 955082571.
3, 4133, 77029
What are the prime factors of 76055457?
3, 23, 1102253
List the prime factors of 399466182.
2, 3, 1051, 63347
What are the prime factors of 244338614?
2, 13, 23, 487, 839
What are the prime factors of 54979213?
31, 1773523
List the prime factors of 4136626094.
2, 101, 197, 103951
What are the prime factors of 18194786?
2, 2069, 4397
List the prime factors of 572291036.
2, 143072759
List the prime factors of 1843793583.
3, 37, 281, 59113
List the prime factors of 106591307.
10139, 10513
What are the prime factors of 1140929262?
2, 3, 11, 17, 37, 9161
List the prime factors of 108071662.
2, 54035831
What are the prime factors of 5466741173?
107, 51091039
What are the prime factors of 5319162863?
7, 163, 1091, 4273
List the prime factors of 39224763.
3, 17, 97, 881
What are the prime factors of 123115976?
2, 15389497
What are the prime factors of 2833617895?
5, 1721, 329299
What are the prime factors of 472083?
3, 37, 4253
List the prime factors of 126938560.
2, 5, 7, 61, 929
List the prime factors of 2035310806.
2, 28211, 36073
What are the prime factors of 138730678?
2, 5639, 12301
List the prime factors of 23054771.
17, 19, 137, 521
What are the prime factors of 2411457736?
2, 2659, 113363
What are the prime factors of 3955934703?
3, 7, 23, 193, 42437
What are the prime factors of 98965359?
3, 139, 239, 331
List the prime factors of 919689653.
919689653
What are the prime factors of 9797004?
2, 3, 7, 12959
What are the prime factors of 215760335?
5, 7, 179, 34439
What are the prime factors of 93291042?
2, 3, 13, 92003
What are the prime factors of 223500319?
7, 59, 97, 797
What are the prime factors of 335788594?
2, 167894297
List the prime factors of 886264327.
13, 68174179
What are the prime factors of 2202332504?
2, 31, 1213, 7321
List the prime factors of 659032393.
73, 1597, 5653
List the prime factors of 955539368.
2, 7, 17063203
What are the prime factors of 1675580354?
2, 7, 67, 1786333
List the prime factors of 367411485.
3, 5, 7, 1423, 2459
What are the prime factors of 36020016?
2, 3, 31, 8069
List the prime factors of 42019292.
2, 7, 1093, 1373
What are the prime factors of 27128786?
2, 43, 315451
List the prime factors of 189026241.
3, 63008747
List the prime factors of 842341453.
29, 29046257
What are the prime factors of 27711508?
2, 11, 629807
What are the prime factors of 176199716?
2, 7, 11, 131, 397
What are the prime factors of 41202333?
3, 4578037
List the prime factors of 60069637.
3491, 17207
List the prime factors of 199044338.
2, 99522169
List the prime factors of 364372909.
227, 677, 2371
What are the prime factors of 67137336?
2, 3, 7, 19, 41
List the prime factors of 15421024.
2, 547, 881
What are the prime factors of 73126862?
2, 41, 21751
What are the prime factors of 71500591?
19, 67, 56167
What are the prime factors of 616786860?
2, 3, 5, 17, 23, 61, 431
List the prime factors of 15144328.
2, 139, 13619
What are the prime factors of 6347931680?
2, 5, 39674573
List the prime factors of 97593494.
2, 37, 1318831
What are the prime factors of 2763818308?
2, 5779, 119563
What are the prime factors of 69963424?
2, 23, 4133
What are the prime factors of 941414697?
3, 34867211
List the prime factors of 215538909.
3, 71846303
What are the prime factors of 75640817?
7, 10805831
What are the prime factors of 1116451968?
2, 3, 2907427
List the prime factors of 174441301.
17, 1423, 7211
List the prime factors of 975067718.
2, 487533859
List the prime factors of 20442849.
3, 7, 139067
List the prime factors of 69274797.
3, 23091599
List the prime factors of 1302326297.
79, 16485143
What are the prime factors of 45066959?
7, 23, 279919
What are the prime factors of 164939882?
2, 17, 4851173
List the prime factors of 1000020380.
2, 5, 6091, 8209
What are the prime factors of 2570102279?
17, 19, 353, 22541
List the prime factors of 88069870.
2, 5, 7, 1258141
List the prime factors of 80018972.
2, 11, 83, 21911
What are the prime factors of 52841113?
13, 47, 197, 439
List the prime factors of 10056301.
19, 29, 18251
List the prime factors of 432274083.
3, 144091361
What are the prime factors of 101232505?
5, 11, 1840591
List the prime factors of 3400888550.
2, 5, 127, 535573
List the prime factors of 422352472.
2, 83, 636073
List the prime factors of 180759430.
2, 5, 37, 488539
List the prime factors of 10689642.
2, 3, 593869
List the prime factors of 165062662.
2, 31, 127, 20963
What are the prime factors of 1054936830?
2, 3, 5, 35164561
List the prime factors of 1984178143.
2689, 737887
What are the prime factors of 362995534?
2, 11, 97, 170101
What are the prime factors of 3799514484?
2, 3, 17, 6208357
What are the prime factors of 410699361?
3, 349, 392263
What are the prime factors of 137514504?
2, 3, 71, 80701
List the prime factors of 631564554.
2, 3, 761, 138319
List the prime factors of 56192987.
31, 1812677
List the prime factors of 16108385.
5, 3221677
List the prime factors of 429012531.
3, 5296451
What are the prime factors of 5027502723?
3, 1675834241
What are the prime factors of 67243359?
3, 22414453
List the prime factors of 182034909.
3, 7, 2889443
What are the prime factors of 4706901874?
2, 109, 21591293
List the prime factors of 172003033.
47, 181, 20219
List the prime factors of 30545693.
30545693
List the prime factors of 433967538.
2, 3, 59, 1225897
What are the prime factors of 1708832892?
2, 3, 13, 10954057
What are the prime factors of 15648955?
5, 7, 31, 14423
What are the prime factors of 1264972247?
7, 11, 97, 257, 659
What are the prime factors of 144240715?
5, 2341, 12323
List the prime factors of 2527076096.
2, 9871391
List the prime factors of 261914966.
2, 83, 1577801
List the prime factors of 110956850.
2, 5, 2219137
What are the prime factors of 269644024?
2, 13, 2592731
What are the prime factors of 310249190?
2, 5, 1597, 19427
List the prime factors of 6180360799.
709, 8717011
What are the prime factors of 1140586465?
5, 103, 2214731
What are the prime factors of 128887857?
3, 7, 2045839
What are the prime factors of 76300094?
2, 13, 499, 5881
What are the prime factors of 127046592?
2, 3, 367, 601
List the prime factors of 76786904.
2, 19, 383, 1319
What are the prime factors of 142131112?
2, 79, 224891
List the prime factors of 33238315.
5, 11, 17, 19, 1871
List the prime factors of 1905340217.
11, 23, 1531, 4919
What are the prime factors of 465645817?
7, 13, 5116987
List the prime factors of 3028588059.
3, 7, 29, 31, 59, 2719
List the prime factors of 319244584.
2, 37, 829, 1301
List the prime factors of 13601670.
2, 3, 5, 67, 101
What are the prime factors of 329914777?
71, 293, 15859
List the prime factors of 722867184.
2, 3, 13, 23, 103, 163
What are the prime factors of 294628438?
2, 13, 73, 155231
List the prime factors of 101307842.
2, 47, 1077743
List the prime factors of 635876653.
17, 23, 1626283
What are the prime factors of 7870971522?
2, 3, 167, 7855261
What are the prime factors of 81701798?
2, 40850899
List the prime factors of 2493270778.
2, 641, 1944829
What are the prime factors of 1296631092?
2, 3, 241, 448351
List the prime factors of 5967449444.
2, 11, 2011, 6131
What are the prime factors of 27433851?
3, 9144617
List the prime factors of 28527141.
3, 461, 20627
List the prime factors of 154842734.
2, 89, 167, 5209
What are the prime factors of 4959397742?
2, 13, 190746067
List the prime factors of 89731811.
13, 6902447
What are the prime factors of 531459691?
7, 31, 47, 107, 487
What are the prime factors of 55838839?
7, 53, 59, 2551
List the prime factors of 2149637764.
2, 2579, 208379
What are the prime factors of 4113271492?
2, 11, 29, 3223567
List the prime factors of 1642721482.
2, 73, 11251517
List the prime factors of 393783289.
393783289
What are the prime factors of 3508066?
2, 1754033
What are the prime factors of 2807919093?
3, 7,